{"id":104,"date":"2021-01-16T16:05:11","date_gmt":"2021-01-16T16:05:11","guid":{"rendered":"https:\/\/www.reachingbeyond.eu\/?page_id=104"},"modified":"2025-08-04T10:51:59","modified_gmt":"2025-08-04T10:51:59","slug":"strona-glowna","status":"publish","type":"page","link":"https:\/\/www.reachingbeyond.eu\/","title":{"rendered":"Strona g\u0142\u00f3wna"},"content":{"rendered":"\t\t<div data-elementor-type=\"wp-page\" data-elementor-id=\"104\" class=\"elementor elementor-104\" data-elementor-post-type=\"page\">\n\t\t\t\t\t\t<section class=\"elementor-section elementor-top-section elementor-element elementor-element-92e53a6 elementor-section-boxed elementor-section-height-default elementor-section-height-default\" data-id=\"92e53a6\" data-element_type=\"section\" data-e-type=\"section\">\n\t\t\t\t\t\t<div class=\"elementor-container elementor-column-gap-default\">\n\t\t\t\t\t<div class=\"elementor-column elementor-col-50 elementor-top-column elementor-element elementor-element-7de7d45\" data-id=\"7de7d45\" data-element_type=\"column\" data-e-type=\"column\">\n\t\t\t<div class=\"elementor-widget-wrap elementor-element-populated\">\n\t\t\t\t\t\t<div class=\"elementor-element elementor-element-dfedeb9 elementor-widget elementor-widget-text-editor\" data-id=\"dfedeb9\" data-element_type=\"widget\" data-e-type=\"widget\" data-widget_type=\"text-editor.default\">\n\t\t\t\t<div class=\"elementor-widget-container\">\n\t\t\t\t\t\t\t\t\t<p>\u00a0<\/p><p style=\"padding-left: 40px;\">Zacznijmy od \u2026 nazwy Fundacji<\/p><p style=\"padding-left: 40px;\">Nazwa Fundacji Reaching Beyond &#8211; Si\u0119gaj\u0105c Nieba ukazuje nasze pragnienie, aby si\u0119gn\u0105\u0107 jeszcze dalej poza to, <br \/>co po ludzku jest mo\u017cliwe (st\u0105d: reaching beyond), tak aby si\u0119gn\u0105\u0107 dalej i wy\u017cej, aby si\u0119gn\u0105\u0107 nieba, do\u015bwiadczy\u0107 duchowej, psychicznej i cielesnej integracji osobowej.<\/p><p style=\"padding-left: 40px;\">Dzia\u0142ania, kt\u00f3re dzisiaj podejmujemy w ramach Fundacji to:<\/p><ul><li>Cykliczne prowadzenie uwielbie\u0144 przed Naj\u015bwi\u0119tszym Sakramentem (muzycznie i modlitewnie).<\/li><li>Prezentowanie filmik\u00f3w i innych materia\u0142\u00f3w z zakresu duchowo\u015bci, rozwoju osobowego i kulturowego <br \/>na stronie Facebook naszej Fundacji oraz kanale YouTube Fundacji.<\/li><li>Wsp\u00f3\u0142praca z Archidiecezjalnym Centrum Duszpasterstwa M\u0142odzie\u017cy: indywidualne rozmowy z m\u0142odzie\u017c\u0105, publikacja film\u00f3w z tematycznych: zdrowe granice w relacjach, mi\u0142o\u015b\u0107 i zakochanie, potrzeby ch\u0142opaka <br \/>i dziewczyny, i inne.<\/li><li>Wsp\u00f3\u0142praca z Fundacj\u0105 Odzyskani: indywidualne spotkania mentorskie z wybranymi przez Fundacj\u0119 Odzyskani uczestnikami.<\/li><li>Wsp\u00f3\u0142praca ze wsp\u00f3lnot\u0105 Kompania Jonatana, kt\u00f3ra jest propozycj\u0105 duszpastersk\u0105 parafii <br \/>p.w. Naj\u015bwi\u0119tszej Maryi Panny Bolesnej we Wroc\u0142awiu: spotkania on-line, spotkania w ramach rekolekcji &#8211; wspomaganie odpowiedzialnych, indywidualne spotkania z m\u0142odzie\u017c\u0105.<\/li><li>Przekazywanie pomocy humanitarnej i dar\u00f3w materialnych (np. przekazywanie dar\u00f3w w ramach pomocy uchod\u017acom z Ukrainy, przekazanie bajek dla dzieci \u201eCudowny Kryszta\u0142\u201d w okresie \u015awi\u0105t Bo\u017cego Narodzenia).<\/li><\/ul><div>\u00a0<\/div><div>\u00a0 \u00a0 \u00a0 \u00a0 Zapraszamy do wspierania Fundacji.\u00a0<br \/>\u00a0 \u00a0 \u00a0 \u00a0 Dane do przelewu:\u00a0 \u00a0 \u00a0 \u00a0 \u00a0<\/div><div>\u00a0 \u00a0 \u00a0 \u00a0<\/div><div>\u00a0 \u00a0 \u00a0 \u00a0 Tytu\u0142: Darowizna na cele statutowe Fundacji Reaching Beyond &#8211; Si\u0119gaj\u0105c Nieba<\/div><p>\u00a0 \u00a0 \u00a0 \u00a0 \u00a0KONTO: 76 1870 1045 2083 1068 4805 0001<\/p><p>\u00a0 \u00a0 \u00a0 \u00a0 \u00a0Nest Bank S.A.<\/p><p>\u00a0 \u00a0 \u00a0 \u00a0 \u00a0Ul. Wo\u0142oska 24, 02-675 Warszawa<\/p><div>\u00a0<\/div><div>\u00a0<\/div>\t\t\t\t\t\t\t\t<\/div>\n\t\t\t\t<\/div>\n\t\t\t\t\t<\/div>\n\t\t<\/div>\n\t\t\t\t<div class=\"elementor-column elementor-col-50 elementor-top-column elementor-element elementor-element-ee3e169\" data-id=\"ee3e169\" data-element_type=\"column\" data-e-type=\"column\">\n\t\t\t<div class=\"elementor-widget-wrap elementor-element-populated\">\n\t\t\t\t\t\t<div class=\"elementor-element elementor-element-8fbd4ba elementor-widget elementor-widget-image\" data-id=\"8fbd4ba\" data-element_type=\"widget\" data-e-type=\"widget\" data-widget_type=\"image.default\">\n\t\t\t\t<div class=\"elementor-widget-container\">\n\t\t\t\t\t\t\t\t\t\t\t\t\t\t\t<img fetchpriority=\"high\" decoding=\"async\" width=\"294\" height=\"300\" src=\"https:\/\/www.reachingbeyond.eu\/wp-content\/uploads\/2021\/01\/rb-294x300.png\" class=\"attachment-medium size-medium wp-image-745\" alt=\"\" srcset=\"https:\/\/www.reachingbeyond.eu\/wp-content\/uploads\/2021\/01\/rb-294x300.png 294w, https:\/\/www.reachingbeyond.eu\/wp-content\/uploads\/2021\/01\/rb-1004x1024.png 1004w, https:\/\/www.reachingbeyond.eu\/wp-content\/uploads\/2021\/01\/rb-768x784.png 768w, https:\/\/www.reachingbeyond.eu\/wp-content\/uploads\/2021\/01\/rb.png 1030w\" sizes=\"(max-width: 294px) 100vw, 294px\" \/>\t\t\t\t\t\t\t\t\t\t\t\t\t\t\t<\/div>\n\t\t\t\t<\/div>\n\t\t\t\t\t<\/div>\n\t\t<\/div>\n\t\t\t\t\t<\/div>\n\t\t<\/section>\n\t\t\t\t<section class=\"elementor-section elementor-top-section elementor-element elementor-element-8c95bdc elementor-section-boxed elementor-section-height-default elementor-section-height-default\" data-id=\"8c95bdc\" data-element_type=\"section\" data-e-type=\"section\">\n\t\t\t\t\t\t<div class=\"elementor-container elementor-column-gap-default\">\n\t\t\t\t\t<div class=\"elementor-column elementor-col-50 elementor-top-column elementor-element elementor-element-daf85db\" data-id=\"daf85db\" data-element_type=\"column\" data-e-type=\"column\">\n\t\t\t<div class=\"elementor-widget-wrap elementor-element-populated\">\n\t\t\t\t\t\t<div class=\"elementor-element elementor-element-7fce139 elementor-widget elementor-widget-video\" data-id=\"7fce139\" data-element_type=\"widget\" data-e-type=\"widget\" data-settings=\"{&quot;youtube_url&quot;:&quot;https:\\\/\\\/www.youtube.com\\\/watch?v=4yYKpBgvo-w&quot;,&quot;video_type&quot;:&quot;youtube&quot;,&quot;controls&quot;:&quot;yes&quot;}\" data-widget_type=\"video.default\">\n\t\t\t\t<div class=\"elementor-widget-container\">\n\t\t\t\t\t\t\t<div class=\"elementor-wrapper elementor-open-inline\">\n\t\t\t<div class=\"elementor-video\"><\/div>\t\t<\/div>\n\t\t\t\t\t\t<\/div>\n\t\t\t\t<\/div>\n\t\t\t\t\t<\/div>\n\t\t<\/div>\n\t\t\t\t<div class=\"elementor-column elementor-col-50 elementor-top-column elementor-element elementor-element-ffe4ced\" data-id=\"ffe4ced\" data-element_type=\"column\" data-e-type=\"column\">\n\t\t\t<div class=\"elementor-widget-wrap elementor-element-populated\">\n\t\t\t\t\t\t<div class=\"elementor-element elementor-element-d73d7ec elementor-widget elementor-widget-video\" data-id=\"d73d7ec\" data-element_type=\"widget\" data-e-type=\"widget\" data-settings=\"{&quot;youtube_url&quot;:&quot;https:\\\/\\\/youtu.be\\\/hWZO-2UsLz4?list=PLv3bImeb7tfVyGRE6FUT4tSqBzmYQ3J8i&quot;,&quot;video_type&quot;:&quot;youtube&quot;,&quot;controls&quot;:&quot;yes&quot;}\" data-widget_type=\"video.default\">\n\t\t\t\t<div class=\"elementor-widget-container\">\n\t\t\t\t\t\t\t<div class=\"elementor-wrapper elementor-open-inline\">\n\t\t\t<div class=\"elementor-video\"><\/div>\t\t<\/div>\n\t\t\t\t\t\t<\/div>\n\t\t\t\t<\/div>\n\t\t\t\t\t<\/div>\n\t\t<\/div>\n\t\t\t\t\t<\/div>\n\t\t<\/section>\n\t\t\t\t<section class=\"elementor-section elementor-top-section elementor-element elementor-element-b4b28d7 elementor-section-boxed elementor-section-height-default elementor-section-height-default\" data-id=\"b4b28d7\" data-element_type=\"section\" data-e-type=\"section\">\n\t\t\t\t\t\t<div class=\"elementor-container elementor-column-gap-default\">\n\t\t\t\t\t<div class=\"elementor-column elementor-col-100 elementor-top-column elementor-element elementor-element-63da9e6\" data-id=\"63da9e6\" data-element_type=\"column\" data-e-type=\"column\">\n\t\t\t<div class=\"elementor-widget-wrap elementor-element-populated\">\n\t\t\t\t\t\t<div class=\"elementor-element elementor-element-ef138d8 elementor-widget-divider--view-line elementor-widget elementor-widget-divider\" data-id=\"ef138d8\" data-element_type=\"widget\" data-e-type=\"widget\" data-widget_type=\"divider.default\">\n\t\t\t\t<div class=\"elementor-widget-container\">\n\t\t\t\t\t\t\t<div class=\"elementor-divider\">\n\t\t\t<span class=\"elementor-divider-separator\">\n\t\t\t\t\t\t<\/span>\n\t\t<\/div>\n\t\t\t\t\t\t<\/div>\n\t\t\t\t<\/div>\n\t\t\t\t\t<\/div>\n\t\t<\/div>\n\t\t\t\t\t<\/div>\n\t\t<\/section>\n\t\t\t\t<section class=\"elementor-section elementor-top-section elementor-element elementor-element-a2ae31e elementor-section-boxed elementor-section-height-default elementor-section-height-default\" data-id=\"a2ae31e\" data-element_type=\"section\" data-e-type=\"section\">\n\t\t\t\t\t\t<div class=\"elementor-container elementor-column-gap-default\">\n\t\t\t\t\t<div class=\"elementor-column elementor-col-33 elementor-top-column elementor-element elementor-element-dd69129\" data-id=\"dd69129\" data-element_type=\"column\" data-e-type=\"column\">\n\t\t\t<div class=\"elementor-widget-wrap elementor-element-populated\">\n\t\t\t\t\t\t<div class=\"elementor-element elementor-element-90e7790 elementor-view-default elementor-widget elementor-widget-icon\" data-id=\"90e7790\" data-element_type=\"widget\" data-e-type=\"widget\" data-widget_type=\"icon.default\">\n\t\t\t\t<div class=\"elementor-widget-container\">\n\t\t\t\t\t\t\t<div class=\"elementor-icon-wrapper\">\n\t\t\t<div class=\"elementor-icon\">\n\t\t\t<svg aria-hidden=\"true\" class=\"e-font-icon-svg e-fas-cross\" viewBox=\"0 0 384 512\" xmlns=\"http:\/\/www.w3.org\/2000\/svg\"><path d=\"M352 128h-96V32c0-17.67-14.33-32-32-32h-64c-17.67 0-32 14.33-32 32v96H32c-17.67 0-32 14.33-32 32v64c0 17.67 14.33 32 32 32h96v224c0 17.67 14.33 32 32 32h64c17.67 0 32-14.33 32-32V256h96c17.67 0 32-14.33 32-32v-64c0-17.67-14.33-32-32-32z\"><\/path><\/svg>\t\t\t<\/div>\n\t\t<\/div>\n\t\t\t\t\t\t<\/div>\n\t\t\t\t<\/div>\n\t\t\t\t<div class=\"elementor-element elementor-element-64420d3 elementor-widget elementor-widget-counter\" data-id=\"64420d3\" data-element_type=\"widget\" data-e-type=\"widget\" data-widget_type=\"counter.default\">\n\t\t\t\t<div class=\"elementor-widget-container\">\n\t\t\t\t\t\t\t<div class=\"elementor-counter\">\n\t\t\t<div class=\"elementor-counter-title\">. <\/div>\t\t\t<div class=\"elementor-counter-number-wrapper\">\n\t\t\t\t<span class=\"elementor-counter-number-prefix\"><\/span>\n\t\t\t\t<span class=\"elementor-counter-number\" data-duration=\"2000\" data-to-value=\"100\" data-from-value=\"0\" data-delimiter=\",\">0<\/span>\n\t\t\t\t<span class=\"elementor-counter-number-suffix\"><\/span>\n\t\t\t<\/div>\n\t\t<\/div>\n\t\t\t\t\t\t<\/div>\n\t\t\t\t<\/div>\n\t\t\t\t<div class=\"elementor-element elementor-element-d366563 elementor-widget elementor-widget-text-editor\" data-id=\"d366563\" data-element_type=\"widget\" data-e-type=\"widget\" data-widget_type=\"text-editor.default\">\n\t\t\t\t<div class=\"elementor-widget-container\">\n\t\t\t\t\t\t\t\t\t<p style=\"text-align: center;\">Ponad 100 uwielbien przed Naj\u015bwi\u0119tszym Sakramentem..<\/p>\t\t\t\t\t\t\t\t<\/div>\n\t\t\t\t<\/div>\n\t\t\t\t\t<\/div>\n\t\t<\/div>\n\t\t\t\t<div class=\"elementor-column elementor-col-33 elementor-top-column elementor-element elementor-element-728ca4b\" data-id=\"728ca4b\" data-element_type=\"column\" data-e-type=\"column\">\n\t\t\t<div class=\"elementor-widget-wrap elementor-element-populated\">\n\t\t\t\t\t\t<div class=\"elementor-element elementor-element-e721062 elementor-view-default elementor-widget elementor-widget-icon\" data-id=\"e721062\" data-element_type=\"widget\" data-e-type=\"widget\" data-widget_type=\"icon.default\">\n\t\t\t\t<div class=\"elementor-widget-container\">\n\t\t\t\t\t\t\t<div class=\"elementor-icon-wrapper\">\n\t\t\t<div class=\"elementor-icon\">\n\t\t\t<svg aria-hidden=\"true\" class=\"e-font-icon-svg e-fas-book-open\" viewBox=\"0 0 576 512\" xmlns=\"http:\/\/www.w3.org\/2000\/svg\"><path d=\"M542.22 32.05c-54.8 3.11-163.72 14.43-230.96 55.59-4.64 2.84-7.27 7.89-7.27 13.17v363.87c0 11.55 12.63 18.85 23.28 13.49 69.18-34.82 169.23-44.32 218.7-46.92 16.89-.89 30.02-14.43 30.02-30.66V62.75c.01-17.71-15.35-31.74-33.77-30.7zM264.73 87.64C197.5 46.48 88.58 35.17 33.78 32.05 15.36 31.01 0 45.04 0 62.75V400.6c0 16.24 13.13 29.78 30.02 30.66 49.49 2.6 149.59 12.11 218.77 46.95 10.62 5.35 23.21-1.94 23.21-13.46V100.63c0-5.29-2.62-10.14-7.27-12.99z\"><\/path><\/svg>\t\t\t<\/div>\n\t\t<\/div>\n\t\t\t\t\t\t<\/div>\n\t\t\t\t<\/div>\n\t\t\t\t<div class=\"elementor-element elementor-element-e2c9b70 elementor-widget elementor-widget-counter\" data-id=\"e2c9b70\" data-element_type=\"widget\" data-e-type=\"widget\" data-widget_type=\"counter.default\">\n\t\t\t\t<div class=\"elementor-widget-container\">\n\t\t\t\t\t\t\t<div class=\"elementor-counter\">\n\t\t\t<div class=\"elementor-counter-title\">. <\/div>\t\t\t<div class=\"elementor-counter-number-wrapper\">\n\t\t\t\t<span class=\"elementor-counter-number-prefix\"><\/span>\n\t\t\t\t<span class=\"elementor-counter-number\" data-duration=\"2000\" data-to-value=\"100\" data-from-value=\"0\" data-delimiter=\",\">0<\/span>\n\t\t\t\t<span class=\"elementor-counter-number-suffix\"><\/span>\n\t\t\t<\/div>\n\t\t<\/div>\n\t\t\t\t\t\t<\/div>\n\t\t\t\t<\/div>\n\t\t\t\t<div class=\"elementor-element elementor-element-d862f4d elementor-widget elementor-widget-text-editor\" data-id=\"d862f4d\" data-element_type=\"widget\" data-e-type=\"widget\" data-widget_type=\"text-editor.default\">\n\t\t\t\t<div class=\"elementor-widget-container\">\n\t\t\t\t\t\t\t\t\t<p style=\"text-align: center;\">Podarowali\u015bmy 100 bajek &#8222;Cudowny Krysztal&#8221; dzieciom z rodzin potrzebuj\u0105cych pomocy i dzieci z dom\u00f3w dziecka<\/p>\t\t\t\t\t\t\t\t<\/div>\n\t\t\t\t<\/div>\n\t\t\t\t\t<\/div>\n\t\t<\/div>\n\t\t\t\t<div class=\"elementor-column elementor-col-33 elementor-top-column elementor-element elementor-element-ed7c4b1\" data-id=\"ed7c4b1\" data-element_type=\"column\" data-e-type=\"column\">\n\t\t\t<div class=\"elementor-widget-wrap elementor-element-populated\">\n\t\t\t\t\t\t<div class=\"elementor-element elementor-element-6b26921 elementor-view-default elementor-widget elementor-widget-icon\" data-id=\"6b26921\" data-element_type=\"widget\" data-e-type=\"widget\" data-widget_type=\"icon.default\">\n\t\t\t\t<div class=\"elementor-widget-container\">\n\t\t\t\t\t\t\t<div class=\"elementor-icon-wrapper\">\n\t\t\t<div class=\"elementor-icon\">\n\t\t\t<svg aria-hidden=\"true\" class=\"e-font-icon-svg e-fab-youtube\" viewBox=\"0 0 576 512\" xmlns=\"http:\/\/www.w3.org\/2000\/svg\"><path d=\"M549.655 124.083c-6.281-23.65-24.787-42.276-48.284-48.597C458.781 64 288 64 288 64S117.22 64 74.629 75.486c-23.497 6.322-42.003 24.947-48.284 48.597-11.412 42.867-11.412 132.305-11.412 132.305s0 89.438 11.412 132.305c6.281 23.65 24.787 41.5 48.284 47.821C117.22 448 288 448 288 448s170.78 0 213.371-11.486c23.497-6.321 42.003-24.171 48.284-47.821 11.412-42.867 11.412-132.305 11.412-132.305s0-89.438-11.412-132.305zm-317.51 213.508V175.185l142.739 81.205-142.739 81.201z\"><\/path><\/svg>\t\t\t<\/div>\n\t\t<\/div>\n\t\t\t\t\t\t<\/div>\n\t\t\t\t<\/div>\n\t\t\t\t<div class=\"elementor-element elementor-element-d402e94 elementor-widget elementor-widget-counter\" data-id=\"d402e94\" data-element_type=\"widget\" data-e-type=\"widget\" data-widget_type=\"counter.default\">\n\t\t\t\t<div class=\"elementor-widget-container\">\n\t\t\t\t\t\t\t<div class=\"elementor-counter\">\n\t\t\t<div class=\"elementor-counter-title\">. <\/div>\t\t\t<div class=\"elementor-counter-number-wrapper\">\n\t\t\t\t<span class=\"elementor-counter-number-prefix\">~<\/span>\n\t\t\t\t<span class=\"elementor-counter-number\" data-duration=\"2000\" data-to-value=\"70\" data-from-value=\"0\" data-delimiter=\",\">0<\/span>\n\t\t\t\t<span class=\"elementor-counter-number-suffix\"><\/span>\n\t\t\t<\/div>\n\t\t<\/div>\n\t\t\t\t\t\t<\/div>\n\t\t\t\t<\/div>\n\t\t\t\t<div class=\"elementor-element elementor-element-287a301 elementor-widget elementor-widget-text-editor\" data-id=\"287a301\" data-element_type=\"widget\" data-e-type=\"widget\" data-widget_type=\"text-editor.default\">\n\t\t\t\t<div class=\"elementor-widget-container\">\n\t\t\t\t\t\t\t\t\t<p style=\"text-align: center;\">Nagrali\u015bmy oko\u0142o 70 film\u00f3w z zakresu rozwoju osobowego i duchowo\u015bci (w j\u0119zykach polskim i angielskim)<\/p>\t\t\t\t\t\t\t\t<\/div>\n\t\t\t\t<\/div>\n\t\t\t\t\t<\/div>\n\t\t<\/div>\n\t\t\t\t\t<\/div>\n\t\t<\/section>\n\t\t\t\t<\/div>\n\t\t","protected":false},"excerpt":{"rendered":"<p>\u00a0 Zacznijmy od \u2026 nazwy Fundacji Nazwa Fundacji Reaching Beyond &#8211; Si\u0119gaj\u0105c Nieba ukazuje nasze pragnienie, aby si\u0119gn\u0105\u0107 jeszcze dalej poza to, co po ludzku jest mo\u017cliwe (st\u0105d: reaching beyond), tak aby si\u0119gn\u0105\u0107 dalej i wy\u017cej, aby si\u0119gn\u0105\u0107 nieba, do\u015bwiadczy\u0107 duchowej, psychicznej i cielesnej integracji osobowej. Dzia\u0142ania, kt\u00f3re dzisiaj podejmujemy w ramach Fundacji to: Cykliczne [&hellip;]<\/p>\n","protected":false},"author":3,"featured_media":0,"parent":0,"menu_order":0,"comment_status":"closed","ping_status":"closed","template":"","meta":{"footnotes":""},"class_list":["post-104","page","type-page","status-publish","hentry"],"_links":{"self":[{"href":"https:\/\/www.reachingbeyond.eu\/index.php\/wp-json\/wp\/v2\/pages\/104","targetHints":{"allow":["GET"]}}],"collection":[{"href":"https:\/\/www.reachingbeyond.eu\/index.php\/wp-json\/wp\/v2\/pages"}],"about":[{"href":"https:\/\/www.reachingbeyond.eu\/index.php\/wp-json\/wp\/v2\/types\/page"}],"author":[{"embeddable":true,"href":"https:\/\/www.reachingbeyond.eu\/index.php\/wp-json\/wp\/v2\/users\/3"}],"replies":[{"embeddable":true,"href":"https:\/\/www.reachingbeyond.eu\/index.php\/wp-json\/wp\/v2\/comments?post=104"}],"version-history":[{"count":432,"href":"https:\/\/www.reachingbeyond.eu\/index.php\/wp-json\/wp\/v2\/pages\/104\/revisions"}],"predecessor-version":[{"id":2701,"href":"https:\/\/www.reachingbeyond.eu\/index.php\/wp-json\/wp\/v2\/pages\/104\/revisions\/2701"}],"wp:attachment":[{"href":"https:\/\/www.reachingbeyond.eu\/index.php\/wp-json\/wp\/v2\/media?parent=104"}],"curies":[{"name":"wp","href":"https:\/\/api.w.org\/{rel}","templated":true}]}}