{"id":1524,"date":"2021-07-12T09:31:52","date_gmt":"2021-07-12T09:31:52","guid":{"rendered":"https:\/\/www.reachingbeyond.eu\/?page_id=1524"},"modified":"2026-02-24T13:55:01","modified_gmt":"2026-02-24T13:55:01","slug":"bajki-siegajace-nieba","status":"publish","type":"page","link":"https:\/\/www.reachingbeyond.eu\/index.php\/bajki-siegajace-nieba\/","title":{"rendered":"Bajki si\u0119gaj\u0105ce nieba"},"content":{"rendered":"\t\t<div data-elementor-type=\"wp-page\" data-elementor-id=\"1524\" class=\"elementor elementor-1524\" data-elementor-post-type=\"page\">\n\t\t\t\t\t\t<section class=\"elementor-section elementor-top-section elementor-element elementor-element-4fc6a4a elementor-section-boxed elementor-section-height-default elementor-section-height-default\" data-id=\"4fc6a4a\" data-element_type=\"section\" data-e-type=\"section\">\n\t\t\t\t\t\t<div class=\"elementor-container elementor-column-gap-default\">\n\t\t\t\t\t<div class=\"elementor-column elementor-col-50 elementor-top-column elementor-element elementor-element-92f6c01\" data-id=\"92f6c01\" data-element_type=\"column\" data-e-type=\"column\">\n\t\t\t<div class=\"elementor-widget-wrap elementor-element-populated\">\n\t\t\t\t\t\t<div class=\"elementor-element elementor-element-e4adb9e elementor-widget__width-initial elementor-widget elementor-widget-text-editor\" data-id=\"e4adb9e\" data-element_type=\"widget\" data-e-type=\"widget\" data-widget_type=\"text-editor.default\">\n\t\t\t\t<div class=\"elementor-widget-container\">\n\t\t\t\t\t\t\t\t\t<p>Jest\u2026 Mamy to.\u00a0<\/p><p>Bajka Karola pt. \u201eKsi\u0119ga Kryszta\u0142u\u201d,<br \/>na kt\u00f3r\u0105 czekali\u015bmy od jakiego\u015b czasu zosta\u0142a wydana. <br \/>W\u0142o\u017cyli\u015bmy w ni\u0105 du\u017co pracy i dzi\u0119kujemy wszystkim, kt\u00f3rzy przyczynili si\u0119, <br \/>\u017ce mamy j\u0105 w r\u0119kach.<\/p><p>Szczeg\u00f3lne podzi\u0119kowania dla naszych darczy\u0144c\u00f3w. <br \/>Bez was \u201eKsi\u0119ga Kryszta\u0142u\u201d nie zosta\u0142by wydana. Dzi\u0119kujemy.<\/p><p>Mamy nadziej\u0119, \u017ce ju\u017c nied\u0142ugo historia o trzech skrzatach, <br \/>bibliotekarzu Powolniuszu, <br \/>czarodzieju Ramburamie <br \/>i innych bohaterach trafi <br \/>do ma\u0142ych czytelnik\u00f3w.<\/p><p><span style=\"font-size: 1rem;\">K<\/span>si\u0105\u017cki b\u0119dziemy rozdawa\u0107 <br \/>w ramach programu \u201eBajki si\u0119gaj\u0105ce nieba\u201d. <br \/>Wszystkie informacje <br \/>o tym\u00a0<span style=\"font-size: 1rem;\">gdzie <\/span>i w jaki spos\u00f3b\u00a0<br \/><span style=\"font-size: 1rem;\">bajeczka b\u0119dzie udost\u0119pniana znajdziecie <br \/><\/span>na na fan-page-u naszej Fundacji: @fundacjarbsn.<\/p><p>Poni\u017cej mo\u017cecie pos\u0142ucha\u0107 pierwszej bajki Karola \u201eCudowny Kryszta\u0142\u201d. <br \/>Audiobook do \u201eKsi\u0119gi Kryszta\u0142u\u201d <br \/>jest ju\u017c w drodze\u2026<\/p>\t\t\t\t\t\t\t\t<\/div>\n\t\t\t\t<\/div>\n\t\t\t\t\t<\/div>\n\t\t<\/div>\n\t\t\t\t<div class=\"elementor-column elementor-col-50 elementor-top-column elementor-element elementor-element-93941ad\" data-id=\"93941ad\" data-element_type=\"column\" data-e-type=\"column\">\n\t\t\t<div class=\"elementor-widget-wrap elementor-element-populated\">\n\t\t\t\t\t\t<div class=\"elementor-element elementor-element-d212a1c elementor-widget__width-initial elementor-widget elementor-widget-image\" data-id=\"d212a1c\" data-element_type=\"widget\" data-e-type=\"widget\" data-widget_type=\"image.default\">\n\t\t\t\t<div class=\"elementor-widget-container\">\n\t\t\t\t\t\t\t\t\t\t\t\t\t\t\t<img fetchpriority=\"high\" decoding=\"async\" width=\"768\" height=\"765\" src=\"https:\/\/www.reachingbeyond.eu\/wp-content\/uploads\/2026\/02\/Karolina-i-bajki-768x765.jpg\" class=\"attachment-medium_large size-medium_large wp-image-2794\" alt=\"\" srcset=\"https:\/\/www.reachingbeyond.eu\/wp-content\/uploads\/2026\/02\/Karolina-i-bajki-768x765.jpg 768w, https:\/\/www.reachingbeyond.eu\/wp-content\/uploads\/2026\/02\/Karolina-i-bajki-300x300.jpg 300w, https:\/\/www.reachingbeyond.eu\/wp-content\/uploads\/2026\/02\/Karolina-i-bajki-1024x1021.jpg 1024w, https:\/\/www.reachingbeyond.eu\/wp-content\/uploads\/2026\/02\/Karolina-i-bajki-150x150.jpg 150w, https:\/\/www.reachingbeyond.eu\/wp-content\/uploads\/2026\/02\/Karolina-i-bajki.jpg 1503w\" sizes=\"(max-width: 768px) 100vw, 768px\" \/>\t\t\t\t\t\t\t\t\t\t\t\t\t\t\t<\/div>\n\t\t\t\t<\/div>\n\t\t\t\t\t<\/div>\n\t\t<\/div>\n\t\t\t\t\t<\/div>\n\t\t<\/section>\n\t\t\t\t<section class=\"elementor-section elementor-top-section elementor-element elementor-element-ebcc02e elementor-section-boxed elementor-section-height-default elementor-section-height-default\" data-id=\"ebcc02e\" data-element_type=\"section\" data-e-type=\"section\">\n\t\t\t\t\t\t<div class=\"elementor-container elementor-column-gap-default\">\n\t\t\t\t\t<div class=\"elementor-column elementor-col-100 elementor-top-column elementor-element elementor-element-4d43cdc\" data-id=\"4d43cdc\" data-element_type=\"column\" data-e-type=\"column\">\n\t\t\t<div class=\"elementor-widget-wrap elementor-element-populated\">\n\t\t\t\t\t\t<div class=\"elementor-element elementor-element-d363b72 elementor-widget__width-initial elementor-widget elementor-widget-video\" data-id=\"d363b72\" data-element_type=\"widget\" data-e-type=\"widget\" data-settings=\"{&quot;youtube_url&quot;:&quot;https:\\\/\\\/www.youtube.com\\\/watch?v=Phzk2CTZWRc&quot;,&quot;show_image_overlay&quot;:&quot;yes&quot;,&quot;image_overlay&quot;:{&quot;url&quot;:&quot;https:\\\/\\\/www.reachingbeyond.eu\\\/wp-content\\\/uploads\\\/2021\\\/01\\\/78b21807ea2a42146f261fc3550e4da0.jpeg&quot;,&quot;id&quot;:1769,&quot;size&quot;:&quot;&quot;,&quot;alt&quot;:&quot;&quot;,&quot;source&quot;:&quot;library&quot;},&quot;video_type&quot;:&quot;youtube&quot;,&quot;controls&quot;:&quot;yes&quot;}\" data-widget_type=\"video.default\">\n\t\t\t\t<div class=\"elementor-widget-container\">\n\t\t\t\t\t\t\t<div class=\"elementor-wrapper elementor-open-inline\">\n\t\t\t<div class=\"elementor-video\"><\/div>\t\t\t\t<div class=\"elementor-custom-embed-image-overlay\" style=\"background-image: url(https:\/\/www.reachingbeyond.eu\/wp-content\/uploads\/2021\/01\/78b21807ea2a42146f261fc3550e4da0.jpeg);\">\n\t\t\t\t\t\t\t\t\t\t\t\t\t\t\t\t<div class=\"elementor-custom-embed-play\" role=\"button\" aria-label=\"Odtw\u00f3rz film\" tabindex=\"0\">\n\t\t\t\t\t\t\t<svg aria-hidden=\"true\" class=\"e-font-icon-svg e-eicon-play\" viewBox=\"0 0 1000 1000\" xmlns=\"http:\/\/www.w3.org\/2000\/svg\"><path d=\"M838 162C746 71 633 25 500 25 371 25 258 71 163 162 71 254 25 367 25 500 25 633 71 746 163 837 254 929 367 979 500 979 633 979 746 933 838 837 929 746 975 633 975 500 975 367 929 254 838 162M808 192C892 279 933 379 933 500 933 621 892 725 808 808 725 892 621 938 500 938 379 938 279 896 196 808 113 725 67 621 67 500 67 379 108 279 196 192 279 108 383 62 500 62 621 62 721 108 808 192M438 392V642L642 517 438 392Z\"><\/path><\/svg>\t\t\t\t\t\t<\/div>\n\t\t\t\t\t\t\t\t\t<\/div>\n\t\t\t\t\t<\/div>\n\t\t\t\t\t\t<\/div>\n\t\t\t\t<\/div>\n\t\t\t\t\t<\/div>\n\t\t<\/div>\n\t\t\t\t\t<\/div>\n\t\t<\/section>\n\t\t\t\t<section class=\"elementor-section elementor-top-section elementor-element elementor-element-a336695 elementor-section-boxed elementor-section-height-default elementor-section-height-default\" data-id=\"a336695\" data-element_type=\"section\" data-e-type=\"section\">\n\t\t\t\t\t\t<div class=\"elementor-container elementor-column-gap-default\">\n\t\t\t\t\t<div class=\"elementor-column elementor-col-100 elementor-top-column elementor-element elementor-element-043585e\" data-id=\"043585e\" data-element_type=\"column\" data-e-type=\"column\">\n\t\t\t<div class=\"elementor-widget-wrap elementor-element-populated\">\n\t\t\t\t\t\t<div class=\"elementor-element elementor-element-29cf2d0 elementor-widget elementor-widget-text-editor\" data-id=\"29cf2d0\" data-element_type=\"widget\" data-e-type=\"widget\" data-widget_type=\"text-editor.default\">\n\t\t\t\t<div class=\"elementor-widget-container\">\n\t\t\t\t\t\t\t\t\t<p style=\"padding-left: 40px;\">Tytu\u0142: Ksi\u0119ga Kryszta\u0142u<br \/>Autor: Karol Fromont<br \/>Rysunki: Dorota Wilk<br \/>Opracowanie graficzne rysunk\u00f3w: Karolina Fromont<br \/>Korekta: Danuta Kurczab i Anastazja Seul<\/p><p style=\"padding-left: 40px;\">Wydawnictwo i Drukarnia \u015awi\u0119tego Krzy\u017ca, <br \/>Opole 2026<\/p><p style=\"padding-left: 40px;\">\u00a0<\/p>\t\t\t\t\t\t\t\t<\/div>\n\t\t\t\t<\/div>\n\t\t\t\t\t<\/div>\n\t\t<\/div>\n\t\t\t\t\t<\/div>\n\t\t<\/section>\n\t\t<div class=\"elementor-element elementor-element-c80dfa5 e-flex e-con-boxed e-con e-parent\" data-id=\"c80dfa5\" data-element_type=\"container\" data-e-type=\"container\">\n\t\t\t\t\t<div class=\"e-con-inner\">\n\t\t\t\t<div class=\"elementor-element elementor-element-850c9ed elementor-widget elementor-widget-image\" data-id=\"850c9ed\" data-element_type=\"widget\" data-e-type=\"widget\" data-widget_type=\"image.default\">\n\t\t\t\t<div class=\"elementor-widget-container\">\n\t\t\t\t\t\t\t\t\t\t\t\t\t\t\t<img decoding=\"async\" width=\"768\" height=\"772\" src=\"https:\/\/www.reachingbeyond.eu\/wp-content\/uploads\/2026\/02\/2.-Okladka-tyl-768x772.jpeg\" class=\"attachment-medium_large size-medium_large wp-image-2752\" alt=\"\" srcset=\"https:\/\/www.reachingbeyond.eu\/wp-content\/uploads\/2026\/02\/2.-Okladka-tyl-768x772.jpeg 768w, https:\/\/www.reachingbeyond.eu\/wp-content\/uploads\/2026\/02\/2.-Okladka-tyl-1019x1024.jpeg 1019w, https:\/\/www.reachingbeyond.eu\/wp-content\/uploads\/2026\/02\/2.-Okladka-tyl-150x150.jpeg 150w, https:\/\/www.reachingbeyond.eu\/wp-content\/uploads\/2026\/02\/2.-Okladka-tyl-1529x1536.jpeg 1529w, https:\/\/www.reachingbeyond.eu\/wp-content\/uploads\/2026\/02\/2.-Okladka-tyl.jpeg 2038w\" sizes=\"(max-width: 768px) 100vw, 768px\" \/>\t\t\t\t\t\t\t\t\t\t\t\t\t\t\t<\/div>\n\t\t\t\t<\/div>\n\t\t\t\t\t<\/div>\n\t\t\t\t<\/div>\n\t\t\t\t<\/div>\n\t\t","protected":false},"excerpt":{"rendered":"<p>Jest\u2026 Mamy to.\u00a0 Bajka Karola pt. \u201eKsi\u0119ga Kryszta\u0142u\u201d,na kt\u00f3r\u0105 czekali\u015bmy od jakiego\u015b czasu zosta\u0142a wydana. W\u0142o\u017cyli\u015bmy w ni\u0105 du\u017co pracy i dzi\u0119kujemy wszystkim, kt\u00f3rzy przyczynili si\u0119, \u017ce mamy j\u0105 w r\u0119kach. Szczeg\u00f3lne podzi\u0119kowania dla naszych darczy\u0144c\u00f3w. Bez was \u201eKsi\u0119ga Kryszta\u0142u\u201d nie zosta\u0142by wydana. Dzi\u0119kujemy. Mamy nadziej\u0119, \u017ce ju\u017c nied\u0142ugo historia o trzech skrzatach, bibliotekarzu Powolniuszu, [&hellip;]<\/p>\n","protected":false},"author":3,"featured_media":0,"parent":0,"menu_order":0,"comment_status":"closed","ping_status":"closed","template":"","meta":{"footnotes":""},"class_list":["post-1524","page","type-page","status-publish","hentry"],"_links":{"self":[{"href":"https:\/\/www.reachingbeyond.eu\/index.php\/wp-json\/wp\/v2\/pages\/1524","targetHints":{"allow":["GET"]}}],"collection":[{"href":"https:\/\/www.reachingbeyond.eu\/index.php\/wp-json\/wp\/v2\/pages"}],"about":[{"href":"https:\/\/www.reachingbeyond.eu\/index.php\/wp-json\/wp\/v2\/types\/page"}],"author":[{"embeddable":true,"href":"https:\/\/www.reachingbeyond.eu\/index.php\/wp-json\/wp\/v2\/users\/3"}],"replies":[{"embeddable":true,"href":"https:\/\/www.reachingbeyond.eu\/index.php\/wp-json\/wp\/v2\/comments?post=1524"}],"version-history":[{"count":166,"href":"https:\/\/www.reachingbeyond.eu\/index.php\/wp-json\/wp\/v2\/pages\/1524\/revisions"}],"predecessor-version":[{"id":2844,"href":"https:\/\/www.reachingbeyond.eu\/index.php\/wp-json\/wp\/v2\/pages\/1524\/revisions\/2844"}],"wp:attachment":[{"href":"https:\/\/www.reachingbeyond.eu\/index.php\/wp-json\/wp\/v2\/media?parent=1524"}],"curies":[{"name":"wp","href":"https:\/\/api.w.org\/{rel}","templated":true}]}}